the remainder when 197481 is divided by 318?
3
What is the remainder when 252940 is divided by 84306?
22
What is the remainder when 786609527 is divided by 6697?
6695
What is the remainder when 52987 is divided by 366?
283
Calculate the remainder when 24156046 is divided by 84.
82
Calculate the remainder when 2636079 is divided by 218.
23
Calculate the remainder when 139586 is divided by 5001.
4559
What is the remainder when 856484 is divided by 5067?
161
Calculate the remainder when 3422472 is divided by 87755.
27
Calculate the remainder when 117071116 is divided by 4649.
4647
Calculate the remainder when 8843154 is divided by 51713.
231
What is the remainder when 43056 is divided by 507?
468
What is the remainder when 553318 is divided by 174?
172
Calculate the remainder when 3505478 is divided by 55.
53
What is the remainder when 16992 is divided by 612?
468
Calculate the remainder when 10017117 is divided by 5008551.
15
Calculate the remainder when 851214 is divided by 851198.
16
What is the remainder when 256832 is divided by 696?
8
What is the remainder when 391370 is divided by 13045?
20
Calculate the remainder when 37089314 is divided by 3226.
3218
Calculate the remainder when 390341 is divided by 268.
133
Calculate the remainder when 755653 is divided by 254.
3
Calculate the remainder when 5520750 is divided by 788659.
137
What is the remainder when 1959824 is divided by 1064?
1000
Calculate the remainder when 19650987 is divided by 1026.
9
Calculate the remainder when 2466889 is divided by 2466882.
7
Calculate the remainder when 5889595 is divided by 7842.
253
Calculate the remainder when 326306 is divided by 484.
90
Calculate the remainder when 2295226 is divided by 727.
87
Calculate the remainder when 478965 is divided by 36843.
6
What is the remainder when 203765 is divided by 828?
77
Calculate the remainder when 55923 is divided by 4293.
114
What is the remainder when 277538 is divided by 9234?
518
What is the remainder when 647050 is divided by 22308?
118
What is the remainder when 18019790 is divided by 1080?
1070
Calculate the remainder when 5198 is divided by 583.
534
What is the remainder when 20757 is divided by 29?
22
What is the remainder when 49969 is divided by 46851?
3118
What is the remainder when 999957 is divided by 390?
387
Calculate the remainder when 410730 is divided by 48.
42
Calculate the remainder when 4864255 is divided by 113122.
9
What is the remainder when 44427 is divided by 12448?
7083
What is the remainder when 2909977 is divided by 57058?
19
Calculate the remainder when 7989567 is divided by 270.
267
What is the remainder when 539541 is divided by 1369?
155
What is the remainder when 210206 is divided by 232?
14
What is the remainder when 2033314 is divided by 17231?
56
What is the remainder when 18976207 is divided by 397?
4
What is the remainder when 473931951 is divided by 386?
379
What is the remainder when 3214457 is divided by 132?
125
Calculate the remainder when 325880 is divided by 162907.
66
Calculate the remainder when 34962 is divided by 4874.
844
Calculate the remainder when 20297464 is divided by 107.
99
Calculate the remainder when 1684442 is divided by 561464.
50
Calculate the remainder when 14432459 is divided by 135.
14
What is the remainder when 2880092 is divided by 165?
17
What is the remainder when 299188 is divided by 181?
176
What is the remainder when 85454 is divided by 437?
239
What is the remainder when 7202896 is divided by 1800709?
60
What is the remainder when 22792117 is divided by 53?
50
Calculate the remainder when 787259 is divided by 29.
25
What is the remainder when 50974 is divided by 121?
33
Calculate the remainder when 883236 is divided by 67941.
3
What is the remainder when 6000 is divided by 2596?
808
Calculate the remainder when 154064 is divided by 12820.
224
What is the remainder when 28039 is divided by 1477?
1453
Calculate the remainder when 63626 is divided by 63596.
30
What is the remainder when 6513 is divided by 77?
45
Calculate the remainder when 1156587 is divided by 501.
279
What is the remainder when 66739 is divided by 217?
120
What is the remainder when 728979 is divided by 13753?
70
What is the remainder when 7691839 is divided by 1334?
1329
What is the remainder when 4174850 is divided by 417470?
150
Calculate the remainder when 472681 is divided by 59074.
89
Calculate the remainder when 156992851 is divided by 228.
31
What is the remainder when 7875027 is divided by 7?
6
What is the remainder when 252181 is divided by 975?
631
What is the remainder when 117880313 is divided by 7680?
7673
What is the remainder when 330913 is divided by 7665?
1318
What is the remainder when 13062782 is divided by 421?
415
Calculate the remainder when 302855 is divided by 8965.
7010
What is the remainder when 146121307 is divided by 10?
7
Calculate the remainder when 88020474 is divided by 181.
174
Calculate the remainder when 8335730 is divided by 1651.
1482
What is the remainder when 2434545 is divided by 728?
113
Calculate the remainder when 27270750 is divided by 658.
598
Calculate the remainder when 46770 is divided by 643.
474
What is the remainder when 953107 is divided by 5883?
61
What is the remainder when 254347 is divided by 664?
35
Calculate the remainder when 15572668 is divided by 1523.
1516
Calculate the remainder when 304357 is divided by 101441.
34
Calculate the remainder when 9413370 is divided by 103.
97
What is the remainder when 44382 is divided by 75?
57
Calculate the remainder when 72922 is divided by 1543.
401
What is the remainder when 13092539 is divided by 1346?
1343
What is the remainder when 512499273 is divided by 266?
265
What is the remainder when 685256 is divided by 505?
476
What is the remainder when 72971 is divided by 2210?
41
Calculate the remainder when 6792431 is divided by 370.
341
Calculate the remainder when 30271496 is divided by 348.
20
What is the remainder when 752548 is divided by 498?
70
Calculate the remainder when 14369 is divided by 1432.
49
Calculate the remainder when 1210592309 is divided by 3826.
3823
What is the remainder when 15967453 is divided by 9365?
128
Calculate the remainder when 27192778 is divided by 1787.
1786
What is the remainder when 3020469 is divided by 1006823?
0
Calculate the remainder when 199049528 is divided by 107.
103
Calculate the remainder when 50652 is divided by 957.
888
What is the remainder when 861703 is divided by 430769?
165
What is the remainder when 184270 is divided by 26285?
275
Calculate the remainder when 98692 is divided by 14047.
363
What is the remainder when 9844002 is divided by 78127?
0
What is the remainder when 107594958 is divided by 101409?
9
What is the remainder when 4818286 is divided by 3323?
3259
What is the remainder when 347070 is divided by 69176?
1190
Calculate the remainder when 3402565 is divided by 1164.
193
Calculate the remainder when 186269 is divided by 584.
557
What is the remainder when 7422 is divided by 5414?
2008
What is the remainder when 3776497 is divided by 1660?
1657
Calculate the remainder when 6536167 is divided by 1632.
7
What is the remainder when 6908976 is divided by 575706?
504
Calculate the remainder when 566415 is divided by 380.
215
What is the remainder when 25359112 is divided by 827?
811
What is the remainder when 3018132 is divided by 63?
54
Calculate the remainder when 154590079 is divided by 6080.
6079
Calculate the remainder when 249492277 is divided by 406.
405
Calculate the remainder when 376775 is divided by 125473.
356
What is the remainder when 339766 is divided by 167902?
3962
What is the remainder when 1283700 is divided by 1165?
1035
Calculate the remainder when 5080797 is divided by 111.
105
Calculate the remainder when 27398 is divided by 6094.
3022
What is the remainder when 233759 is divided by 116858?
43
What is the remainder when 593029317 is divided by 1560?
1557
What is the remainder when 77630 is divided by 62?
6
Calculate the remainder when 386706 is divided by 9654.
546
Calculate the remainder when 301203 is divided by 4685.
1363
Calculate the remainder when 6812585 is divided by 2171.
2158
Calculate the remainder when 294543273 is divided by 393.
384
What is the remainder when 48885 is divide